
Calculate 9 + (1 - 16) + 6.
0
What is 0 - -2 - (4 - 2)?
0
Evaluate -2 + 2 - (3 - 7 - -3).
1
Evaluate 0 + -4 + -10 + 9.
-5
Calculate -1 + 1 + (0 - (1 + -3)).
2
Calculate 7 + (-1 + -4 - -5 - 0).
7
Calculate (0 - -2 - -1) + -8 - -2.
-3
What is 10 + -6 + -1 + 4?
7
What is the value of 6 - (11 + -5 + 1)?
-1
What is -15 + 3 + (-2 - -11 - 2)?
-5
1 + -2 - (9 - 13)
3
What is the value of 6 + -1 - (-19 - -19) - 0?
5
What is the value of -10 - -10 - (5 - 0)?
-5
What is the value of -15 - -17 - (2 - 0 - -4)?
-4
What is (-23 - -16) + 12 + 1?
6
Evaluate (-6 - (-7 - 0)) + 0 + 1.
2
Evaluate (3 - 3) + -2 + 5 + -4.
-1
What is the value of (-27 - -13 - -11) + -1 + 3?
-1
(2 - 3) + -2 - -1
-2
What is the value of 14 + -5 - (2 - -2)?
5
Evaluate 6 - ((12 - 4) + -3).
1
What is the value of -4 - (3 + -7 - -3) - -2?
-1
6 + (-1 - -1 - (-16 - -21))
1
What is (1 - 0) + 1 - (-1 - -1)?
2
What is the value of -2 + -3 + (10 - 3) + 1?
3
What is 17 + -23 + (6 - -4)?
4
What is 0 - 0 - (5 - 0)?
-5
Evaluate -5 + (6 - 2) + 2.
1
Calculate 40 + -54 - (4 - (-2 + 11)).
-9
-1 + (2 - 0) + -2 + -3
-4
Calculate -3 - 2 - -11 - (-2 + 3).
5
Calculate (-4 + 2 - -3) + (-2 - -7).
6
What is -3 + -2 + (19 - 9)?
5
Evaluate ((3 - 4) + 0 - -6) + -3.
2
Calculate 1 - (-5 + 10) - (-2 - -1).
-3
Evaluate -1 + -1 + (8 - 6).
0
(18 - 5 - 16) + 11 + -1
7
Evaluate -13 + 4 - (-8 - -2).
-3
-5 + 6 + (7 - 7)
1
Calculate -4 + 9 + -7 + 3.
1
Evaluate -4 + 1 - (-8 + 4).
1
(0 - 1) + 3 - (14 - 11)
-1
What is (9 - 5 - 5) + 4?
3
55 + -57 + (0 - -11)
9
-2 + (-5 - -11) - -2
6
What is the value of 4 + 0 + (-22 - -21)?
3
Evaluate 0 + 1 + (-11 - (-2 - 3)).
-5
Calculate (10 - -12) + -9 - 15.
-2
3 + 3 - -2 - 5
3
Evaluate 0 - ((-4 - 1) + 6 - -2).
-3
Calculate (-1 - (2 + 1)) + 4 + 7.
7
-2 + (2 - (3 - -2))
-5
What is (-8 - 0) + (27 - 27)?
-8
What is the value of -1 + 0 + -2 + 5?
2
Calculate (-3 - -3 - 0) + 1 + -3.
-2
Evaluate 2 + (1 + -2 - (-4 + 0)).
5
Calculate -1 + 7 + -1 - 4.
1
Calculate -4 + 2 - (0 + -4).
2
Evaluate (-3 - -2) + 1 + 1.
1
Evaluate -9 - (-10 + 4) - (0 - 7).
4
Evaluate 8 + -9 + 5 + -9.
-5
(0 - 4) + (-2 - (-3 + -2))
-1
Evaluate (7 - 8) + -8 + 2.
-7
Calculate (0 - -1 - 1) + 1 + -2.
-1
What is the value of -2 + 3 + -4 + -1?
-4
Calculate 0 - 3 - (0 - 0).
-3
Calculate -1 + (-2 - ((1 - 1) + -2)).
-1
What is the value of 16 + -14 - (1 - 1)?
2
What is -6 + -6 - (1 - 2) - -4?
-7
5 - (8 + 1 + -5)
1
Calculate -7 + -2 - (7 - 13).
-3
Calculate 19 + -17 - (-2 + 1 - -5).
-2
14 - 11 - (18 - 10)
-5
What is the value of -9 - (2 - 11 - (-4 + 0))?
-4
-8 - (1 + -4 - (-30 - -26))
-9
Evaluate (-9 - -7) + 0 + 4.
2
Evaluate 10 + -2 + (-10 - -10).
8
Evaluate (4 - 5) + -4 - (2 - 6).
-1
Calculate 0 + (7 - 3) - -1.
5
Evaluate 80 + -83 + 0 + 0 + -4.
-7
Evaluate 3 - (-2 + 3 + 3).
-1
What is the value of 3 + -2 + -3 + -3 + 9?
4
What is the value of 5 + (-2 + 1 - (-1 - -3))?
2
What is the value of (5 - 5) + 10 + -10 - 2?
-2
What is the value of (-2 - -3) + 3 + -3?
1
-1 + 6 - (11 + (-14 - -5))
3
What is -4 + 10 + -5 + 2 - 3?
0
What is 9 - (18 - 12) - -3?
6
What is the value of -3 + (-2 - -6) - -3?
4
Evaluate 10 + 0 + (-13 - -14).
11
What is the value of (-2 + -2 - 0) + -1 + 0?
-5
Evaluate 411 + -406 - (1 + -1 + 2).
3
-2 + 4 + -1 - 1
0
(-2 - (-3 + 1)) + -6
-6
-91 + 97 + -4 + 0
2
What is -5 + 9 + 8 + -15 + 3?
0
Calculate (8 - 2) + 3 + -6 - -2.
5
-2 - (-7 - 2) - (-77 + 84)
0
Evaluate (2 - (-4 + 12)) + 0 - -3.
-3
Calculate 0 - (2 + -3 + 3).
-2
Calculate 3 + (0 - 2 - -2) - 4.
-1
Calculate (0 - 7) + 31 + -10 + -7.
7
7 + 0 + -1 + -3 - -3
6
What is the value of -2 + 0 + (8 - 4 - 0)?
2
What is the value of -4 + 8 + (2 - 10)?
-4
Calculate (-6 - (-5 - 1)) + 4.
4
Evaluate -11 - (-28 - -18) - (-1 + 5).
-5
What is the value of 12 + -25 + (8 - -4 - 5)?
-6
What is the value of 8 + (4 + 4 - 14)?
2
Calculate 4 - (18 - 8) - -12.
6
What is the value of (5 - (2 - 2)) + -8?
-3
What is the value of 4 + 1 + -16 + 4 + 7?
0
What is the value of (1 + -6 - -5) + -5?
-5
(-2 - -2) + 0 - 3
-3
2 + (11 - 5) + -8
0
Evaluate 7 + (-11 - -4 - 1).
-1
Calculate (2 - (-4 - (2 - 4))) + -1.
3
8 - 2 - (4 + 5)
-3
What is 0 - -6 - 3 - 4?
-1
Calculate -5 - (6 - (18 + -4)).
3
What is the value of 3 + (6 - (9 - 3))?
3
Calculate 1 + -3 + 8 + -5.
1
What is 1 + -9 - (-16 + -4 + 9)?
3
Calculate -1 + -2 + (-3 - -5) - 4.
-5
Evaluate 4 - (-2 + (4 - (2 + -5))).
-1
What is the value of 5 + -2 - (9 - 11)?
5
What is 2 + -3 + (1 - (-2 - -5))?
-3
Calculate -7 - -3 - ((3 - 12) + 7).
-2
1 - (-4 - (-1 - (-5 + 7)))
2
Evaluate 3 + 0 - 9 - -3.
-3
Calculate -9 + (-12 - -3) + 20.
2
Evaluate -1 - (-5 + 1 + 1).
2
What is the value of 5 - (4 - (3 - 1))?
3
Calculate (-5 + -1 - -16) + -5.
5
Calculate -5 - (0 - 3) - -2.
0
What is the value of 0 - 4 - (-7 - 0)?
3
What is -5 + 1 + (2 - -3 - -4)?
5
Calculate -8 - (5 + 3) - -7.
-9
-4 + (4 - 3 - -1) - 1
-3
-1 - -3 - (5 - (0 + 4))
1
1 + -2 + 0 + -3 - 0
-4
What is -4 + 6 + 3 + -6 + 8?
7
What is 12 + -7 + -2 + 1 + -5?
-1
Evaluate -1 - -11 - (44 - 38).
4
Evaluate -6 + (8 - (-8 + 7)).
3
(1 - -1) + -2 + -2 - 0
-2
Evaluate -1 + -5 + 5 + 6.
5
What is -1 + -4 + 4 - (2 - -1)?
-4
Calculate 7 - (3 + 1) - 0.
3
Evaluate 0 - -2 - (4 + -7).
5
(-3 - -4 - 4) + (2 - 1)
-2
What is -1 - 2 - (2 - 3 - 2)?
0
-1 - (-1 + (10 - 6))
-4
Calculate (0 - 0) + (-2 - 3).
-5
Calculate 1 - (3 + -1 + -1).
0
What is -6 - -10 - (4 + -3) - 8?
-5
What is (5 - (0 - 0)) + (-154 - -151)?
2
Calculate 1 - (-2 - (0 - 6)).
-3
What is the value of 2 - (1 - 3) - 2?
2
What is the value of -1 + 4 + (0 - 1)?
2
Evaluate -4 + 12 - 19 - -12.
1
What is the value of 0 + (-1 + 4 - 4)?
-1
Calculate (-11 - -20) + -14 + 2.
-3
Evaluate 0 + (-1 + 3 - 0) - 7.
-5
4 - (-2 - (0 + -13))
-7
Evaluate 2 + 3 + -2 - (-2 + 1).
4
What is (3 - 4) + 6 + -5?
0
What is (-1 + 3 - 7) + 0?
-5
What is the value of -1 + 2 + -2 + 2?
1
Evaluate (-6 - -10) + (-7 - 0) - -6.
3
Evaluate 9 + 0 + -6 + -4.
-1
What is -4 - (10 + -5 - 4)?
-5
Calculate 0 - (-7 + 5 + (0 - -2)).
0
Calculate -3 + 0 + 1 - (1 - 0).
-3
3 + -5 + (-2 - -1) + -2
-5
-2 + -2 + 8 - 6
-2
(2 - -3) + -2 + -1 + 1
3
What is the value of 2 + 0 - (-2 - 1) - 9?
-4
Evaluate 13 + -8 + 1 + -6.
0
Calculate -5 + -3 + (-2 - -5).
-5
What is the value of 8 + -12 + -2 + 0 + 3?
-3
What is the value of (3 + -2 - 0) + (5 - 8)?
-2
What is 1 - 3 - (1 - -1) - 1?
-5
Evaluate 3 - 2 - (4 + -2) - 2.
-3
Evaluate 0 + (6 + -2 - -1 - 11).
-6
What is (2 - (3 - 1)) + -3 + -2?
-5
What is 1 + 3 - 0 - 8?
-4
7 - (26 + -6) - -8
-5
What is (6 - (-3 - -3)) + -1?
5
Calculate 1 - (-1 + 10 + -1 + -4).
-3
Calculate 5 + (3 - 7) + 5.
6
What is 26 + -23 + -2 + (-2 - -1)?
0
Calculate 7 - ((18 - 14) + 4).
-1
What is (13 + -5 - 15) + 4?
-3
Calculate 8 + -1 + -13 + -1 + 10.
3
Evaluate 4 - (4 - (4 + -5 + 2)).
1
What is 10 - ((2 - 1) + 10)?
-1
Calculate (-1 - -4) + -4 + 0 - -5.
4
What is -4 + 2 + -2 + 0?
-4
(-4 - (-1 - -1)) + 3
-1
0 - (-2 + 9) - -9
2
(-5 - -15) + -4 - (17 - 6)
-5
What is 16 - 27 - (0 - 5)?
-6
Calculate -1 - (-9 + 5) - (5 + -1).
-1
What is -1 - (-2 + -2 + (-1 - -7))?
-3
-7 - (-4 - (-8 + 5)) - -1
-5
What is -12 + 6 - (1 - 7)?
0
5 + -10 + 9 + (-1 - -1)
4
Calculate 0 - (-5 - -4) - 3 - -6.
4
What is the value of (6 - (-3 + 4)) + 0?
5
What is (1 - (2 + 1)) + (2 - 1)?
-1
What is the value of 9 - (3 + (5 + -3 - 1))?
5
Calculate 0 + 1 - (18 + -21).
4
Evaluate (-6 + 2 + 5 - 4) + 7.
4
What is the value of 4 + (-4 - -3 - 5 - -1)?
-1
What is -10 - (-6 + (-8 - -2))?
2
Calculate 1 + 0 + 1 + -1.
1
What is 1 + 0 + 0 + 3 + -4?
0
(-6 - (0 + 1 + -2)) + 6
1
What is the value of 0 + (-4 - -4 - 0) - -4?
4
What is -3 + 9 + (-11 - -2)?
-3
What is -4 - (-9 + 11) - -1?
-5
Evaluate -2 + 0 + -1 - (-55 + 56).
-4
What is 11 + -5 + (-7 - -3)?
2
What is 12 + 10 + -14 + -18?
-10
What is (5 - (-4 - -1)) + -5?
3
What is the value of 9 + -7 + -3 + -1 + 2?
0
Calculate (3 + (-3 - 3) - -4) + -6.
-5
Calculate -2 - (-7 + 12 + (-3 - 2)).
-2
Calculate (-2 - 4) + 3 + 1.
-2
What is (3 - 1) + 6 + (-7 - -2)?
3
What is -4 + 3 + 5 + -1 + -2?
1
What is the value of (0 - -3) + -7 + 1 + 1?
-2
Evaluate 12 + -7 - 9 - (2 - 0).
-6
What is the value of (5 - 10 - -7) + 0 + -3?
-1
Evaluate -5 + -7 + 6 - -6.
0
What is the value of -17 - (2 - 1) - -15?
-3
What is (-6 + -7 - -8) + -3 - -13?
5
What is the value of 1 + -6 + 4 - -7?
6
What is the value of (-1 - (-4 + 1)) + (-6 - 0)?
-4
0 + (3 -